lculate z(6).
-5
Let b(i) = i**3 - 2*i**2 - 4*i + 1. Let m = -35 - -38. Give b(m).
-2
Let v(k) = -5*k - 15. Let n(i) = i + 1. Let z(p) = -6*n(p) - v(p). Determine z(7).
2
Let g(t) = 2*t - 5. Suppose 13 = -w - 4*z, -5*w + 2*z + 59 - 14 = 0. Let y(m) = 3*m - 9. Let o(r) = w*g(r) - 4*y(r). Calculate o(3).
7
Let k be -3 + (-6)/2 + 12. Let m(h) = h**3 + 6*h**2 + 5*h + 6. Let c be m(-5). Let r(o) = c*o**2 - 3*o - 5 - o**3 + 8*o**2 - 3*o - 7*o**2. Determine r(k).
-5
Let s(h) be the third derivative of h**6/40 - h**5/30 - h**4/12 + h**3/2 - 3*h**2. Calculate s(2).
15
Let h(t) = 4*t + 11. Let m be h(-5). Let i(f) = f**3 + 9*f**2 + f + 11. Determine i(m).
2
Let p(a) be the third derivative of a**5/60 + a**4/12 + a**3/3 + 5*a**2. Let u(n) = 0*n**2 + 6*n + n**3 - 2*n**2 + 7*n**2 + 6. Let y be u(-4). What is p(y)?
2
Let a(l) = -l**3 - 2*l**2 - 4. Let w be a(-3). Let v(z) be the first derivative of 4*z + 4*z**3 - 2 - w*z - 2*z**3. Calculate v(1).
5
Let o(y) = 4*y**3 + 4*y**2 + 10. Let f(z) = -z**3 - z**2 - 3. Let w(p) = -7*f(p) - 2*o(p). Give w(1).
-1
Suppose 3*b + q - 4 = -4*q, -2*b = 2*q - 4. Let g(j) = j**3 + 5 - 2*j + 0*j - 3*j**2 - b*j. What is g(4)?
1
Suppose 3*t + 1 = 2*s - 0, s = -4*t + 6. Let g be (-3)/(1 - -2) - t. Let a(n) = 2*n**2 + 3*n. Calculate a(g).
2
Let k(s) = -2*s. Suppose 29 = -4*n + x - 2*x, -2*n - 19 = -x. Let a(t) = t + 11. Let p be a(n). Give k(p).
-6
Let w be (2/3)/((-1)/6). Let r(x) = -332*x + 327*x + 22 - x**2 - 24. Calculate r(w).
2
Let u(q) = -14*q + 3. Let d(x) be the third derivative of x**4/24 - x**3/6 + 2*x**2. Let z(f) = -4*d(f) - u(f). What is z(1)?
11
Let y(f) = f**3 - 2*f**2 + 2. Let o be y(2). Let z(p) = 1 - o*p + 4*p - 9*p**2 - 3*p. What is z(1)?
-9
Let t(r) = -r - 1. Let w(d) = d. Let s be w(2). Suppose s*v = v - 6. Give t(v).
5
Suppose p + 2 = 2*p. Suppose -4*z = -p*z - 4. Let f(w) = -3*w + 5*w - 3 + 6*w**2 - w**3 - 4*w**2. Calculate f(z).
1
Suppose -17 = 3*l - 0*l + 4*j, 5*j = -25. Let a(w) = -6*w**3 + w - 1. Determine a(l).
-6
Let d = 1 - 1. Let q(x) be the third derivative of -1/24*x**4 + 0*x - 2/3*x**3 + 0 + x**2. Calculate q(d).
-4
Let f be 2 - 4 - (6 + -2). Let k(w) be the first derivative of w**4/12 + w**3 - w**2 + 1. Let l(n) be the second derivative of k(n). Determine l(f).
-6
Let i(m) be the first derivative of m**3/3 + m**2 - m + 9. Let d = 8 - 7. Give i(d).
2
Let m(q) be the second derivative of 0 - 5/2*q**2 - 4*q - 1/6*q**4 + 7/6*q**3. Let w(p) = p**2 - 3*p + 2. Let s(v) = 4*m(v) + 9*w(v). What is s(-3)?
4
Suppose 0 = i - 4*p - 15, 0*i - 5*p - 27 = -4*i. Let y(u) = -38*u**2 - u**i + 0*u**3 + 37*u**2. What is y(-2)?
4
Let q(d) be the second derivative of -d**3/6 + 3*d**2/2 - 3*d. Let u be ((-20)/15)/((-2)/6). Let m = u + 0. Determine q(m).
-1
Let j(n) = 2*n. Let y(l) be the third derivative of -l**4/24 - l**3/2 - 2*l**2. Let i be y(-6). Give j(i).
6
Let b(z) = 6*z - 1. Suppose 5*i + 5 - 10 = 0. Give b(i).
5
Let k(p) = p - 6. Let r be k(0). Let t(q) = q**2 + 7*q + 2. Determine t(r).
-4
Suppose -35*r = -37*r + 4. Let u(n) = -4*n + 3. Determine u(r).
-5
Let m be (1 + -1)/(-1) + -5. Let d(z) be the second derivative of -z**4/12 - 2*z**3/3 + z**2/2 - 8*z. Calculate d(m).
-4
Let w(r) = -7*r**2 + r + 1. Let k(u) = u - 1. Let d be k(1). Let c(p) = -1 + 5*p - 4*p - p**2 + d*p. Let x be c(0). Calculate w(x).
-7
Let z(i) = -i**2 + 2*i + 3. Let c = -36 - -34. What is z(c)?
-5
Let t = -53/2 + 531/20. Let n(f) be the second derivative of 7/2*f**2 + f - t*f**5 + 0 + 5/12*f**4 - 1/2*f**3. Determine n(5).
-8
Let a(t) = 1. Let r(q) = q**3 + 2*q**2 - 2*q - 3. Let c(y) = -6*a(y) - r(y). What is c(-3)?
0
Let g(c) = -3*c**3 + 6*c**2 + 3*c - 5. Let a(x) = 4*x**3 - 6*x**2 - 4*x + 5. Let l(f) = -4*a(f) - 5*g(f). Suppose -36 = 2*s + 2*s. Let i = s - -3. What is l(i)?
-1
Let l(h) = -7*h + 4. Let n(r) = -14*r + 8. Let z(v) = 11*l(v) - 6*n(v). Let j(y) = -20*y + 12. Let c(x) = 6*j(x) + 17*z(x). Give c(4).
0
Let o(r) = 2*r + 1. Suppose 0 = -j - 2*j + 6. Calculate o(j).
5
Let b(p) = -p**3 - p**2 - 5*p. Let s(j) = -j**3 - 6*j. Let m be 8/(3 + -5) + 1. Let l(h) = m*s(h) + 4*b(h). Calculate l(-3).
-3
Let s(i) = -i + 0*i**3 + 5*i**3 - 2*i**2 + 0*i. Give s(-1).
-6
Let n be 62/(-12) + 5/30. Let k(r) = -r**2 - 4*r + 7. Let i be k(n). Let s(j) = -j**3 + 2*j + 1. What is s(i)?
-3
Let i(u) = -3 + 2*u**3 + u**3 - 7*u - 2*u**3 + 5*u**2. Give i(-6).
3
Let h(k) = 8*k. Suppose 2*p = w, -3*w + 2*p + 2*p = -2. Give h(w).
16
Let v(x) = x**2 + x - 1. Let z be 1 - (1 - 2) - -2. Suppose 0 = -4*t + t + 18. Let s = z - t. What is v(s)?
1
Suppose -c = -2*c - 3*m + 1, 0 = -4*c + m + 30. Let u(t) = -5 + 6 - 1 - c*t. Suppose 3*r - r + 2 = 0. Calculate u(r).
7
Let j(x) = -3*x - 1. Let o be j(3). Let t = -5 - o. Let r(n) = 5*n - 1 + t - 3*n. Calculate r(-4).
-4
Let f(y) = 3*y - 3. Let x(g) = 6*g - 6. Let d(p) = 5*f(p) - 2*x(p). Suppose 3*t - 18 - 9 = 0. Suppose 6*z - t = 3*z. Calculate d(z).
6
Let w(i) = i**2 - i. Let u(p) be the first derivative of 8*p**3/3 + p**2 - p + 7. Let g(r) = u(r) + 2*w(r). Give g(-1).
9
Let c(y) = y**2 + y - 1. Let l(m) = -3*m**2 - 2*m + 3. Let t(z) = -4*c(z) - l(z). Give t(-4).
-7
Suppose -1 = -o - 0*o. Let u be 3*(o - 0/1). Let s(c) = 3*c**2 - u - c**2 + c**2 + c**3. Calculate s(-3).
-3
Let x be 4/(-10) + (-24)/(-60). Let v(r) be the second derivative of -r**2 + x + 1/6*r**3 - r. Calculate v(3).
1
Let k(z) = -33*z**3 + 14*z**3 - z + 21*z**3. Suppose 6*l = 3*l - 2*t + 3, 4*l + 5*t = 11. Calculate k(l).
-1
Let z(f) = -3*f + 1 + 4*f - 3. Let u be 12 + (0 - 2 - 0). Suppose 8*q - 3*q = u. Determine z(q).
0
Let w(h) = -23 + 2*h + 2*h**3 - 20 - 20 + 64. Determine w(-1).
-3
Let b(q) = -q**2 - 7*q - 2. Let k(j) = 4*j + 22. Let i be k(-7). Calculate b(i).
4
Let z(i) = -i**2 + 4*i + i + 0*i - 3. Let n = -2 - -1. Let o be (-12)/(-20)*n*-5. Give z(o).
3
Suppose i + 12 = -3*i. Let m(k) be the first derivative of -2*k**3/3 - 5*k**2/2 - 2*k + 2. What is m(i)?
-5
Let i(t) = 3*t + 4*t + 2*t - 8*t + 1. Give i(-3).
-2
Let p(q) be the second derivative of 5/2*q**2 + 0 - 1/6*q**3 + 4*q. Let s = 2 + -2. What is p(s)?
5
Let q(l) be the second derivative of -3*l**5/10 + l**4/6 - l**3/3 + l**2/2 + 16*l. Calculate q(1).
-5
Let r(h) = h - 1. Suppose 0*u - l = -3*u - 10, -5*l + 8 = -u. Let s be u/(-18) + 46/12. Calculate r(s).
3
Let z = 1 - 4. Let v(o) = -3*o**2 - 3*o - 2*o + 9*o**2. Let p(h) = -2*h**2 + 2*h. Let u(g) = z*v(g) - 8*p(g). Determine u(-2).
-6
Suppose 1 = -3*r - 4*b, 7 - 3 = -b. Suppose r*v - 12 = -d - 0*d, 0 = -4*d - 2*v + 12. Let m(u) = u**3 - 2*u**2 - u - 1. Give m(d).
-3
Let h(j) be the second derivative of j**5/20 - j**4/4 - j**3/2 + j**2/2 + 2*j. Determine h(4).
5
Let a(p) = -5*p**3 - 10*p**2 - 6*p - 2. Let f(o) = -14*o**3 - 29*o**2 - 18*o - 7. Let h(u) = -11*a(u) + 4*f(u). Suppose -2*q - 8 = 2. Determine h(q).
-1
Suppose 3*y + 4*j = 6*j - 11, -y - 2 = j. Let u(x) = 3*x**2 + x**3 + 0*x - x - 1 - 2 - 3*x. Calculate u(y).
9
Let j = 2 + -3. Let t(x) = -46 - 13*x + 22 + 23. Calculate t(j).
12
Let r(j) be the second derivative of -j**5/20 + 5*j**4/12 + j**3/3 - j**2/2 + 4*j. What is r(5)?
9
Let g(d) = 2*d**2 + 2*d - 1. Let m be g(1). Let k(r) = r + 2. Let l be k(m). Let y(o) = -l*o - o**2 + 8 - 1 - 3. Calculate y(-5).
4
Let u be (-7)/(14/4) - -13. Let o(y) = 4*y**2 - 5*y**2 + 5*y + y - u*y - 3. Calculate o(-5).
-3
Let r be 416/14 + 2/7. Suppose 5*q - r = -5*d, d = -3*d + 8. Let t(n) = -1 + n - q + 3. Determine t(-3).
-5
Let x(g) be the second derivative of -1/3*g**4 + 0 + g + 1/20*g**5 + 1/2*g**2 + 1/3*g**3. What is x(2)?
-3
Let q(f) = -7*f**2 + 5*f - 17. Let h(p) = -7*p**2 + 6*p - 18. Let s(b) = 4*h(b) - 5*q(b). Let t(y) = -3*y**2 - 6. Let g(u) = 4*s(u) + 9*t(u). What is g(4)?
-2
Suppose -4*m = 7 + 9, k + 13 = -4*m. Let f(l) be the third derivative of 1/20*l**6 - 1/24*l**4 + 0*l**5 + 0*l + 0*l**3 - k*l**2 + 0. Determine f(-1).
-5
Suppose 7*q - 125 = 2*q. Suppose -3*a = -8*a + q. Let d(f) = -6*f - 2 + a*f + 0. Calculate d(2).
-4
Let s = 18 + -29. Let b = s - -8. Let l(q) = 2*q - 2 + 2. Give l(b).
-6
Let p be 2/(-6)*(-9)/3. Let a(t) = p - 4*t**2 - t**3 + 2 + 2. Calculate a(-4).
5
Let r(n) be the first derivative of -8*n**3/3 - n**2/2 + 14. What is r(-1)?
-7
Let i = 0 - -3. Let u(k) = 1 - 2 + i + k. What is u(-3)?
-1
Let k(f) = f**2 + 2*f + 3. Let